 s = 8*b - 192, -5*b = -5*s - c. Calculate the highest common divisor of 144 and b.
48
Let b = 35 + -35. Suppose 7*w = -b + 70. What is the highest common factor of w and 4?
2
Suppose 487 = 5*a - 813. Calculate the highest common factor of 156 and a.
52
Let r be 2 + (-2 - (-6)/2). Suppose -r*q + 0*q = -114. What is the greatest common factor of q and 19?
19
Suppose x - 4*x - 2*m + 180 = 0, 3*x - m - 171 = 0. Calculate the greatest common divisor of x and 580.
58
Let o = -527 - -540. What is the highest common factor of o and 1391?
13
Let i = 20 + -14. Suppose -i*p = 8*p - 28. Calculate the greatest common divisor of p and 22.
2
Let g(k) = 2*k**3 - 9*k**2 + 17*k - 12. Let t be g(6). Calculate the highest common factor of t and 66.
66
Suppose 6 - 24 = -2*i. Let x be (1 + (-10)/4)/((-40)/80). Suppose 5*p = -3*m + 16, -x*p - m = m - i. What is the greatest common factor of 10 and p?
5
Suppose -55 = -16*c + 217. Suppose 4*b - 3*b = 3*t + 83, t = -5. Calculate the highest common factor of c and b.
17
Let w(j) = -j**3 + 10*j**2 + 15*j + 6. Let y be w(11). What is the greatest common factor of 80 and y?
10
Let g = 5 + -27. Let v = g - -27. Calculate the highest common divisor of 10 and v.
5
Let x = -8 - -9. Suppose -s = x - 0. Let t be s/(-5) - 387/(-15). What is the greatest common factor of t and 65?
13
Let k = 36 - -12. Let w be (-6 - (-2 + -6))*(-2 - -5). Calculate the greatest common divisor of w and k.
6
Let f(m) be the third derivative of -m**6/120 - m**5/15 + m**4/8 - m**3/2 - 3*m**2. Let v be f(-5). Calculate the greatest common divisor of v and 21.
7
Let z be ((27/2)/9)/((-1)/(-2)). Suppose z*b + 28 - 70 = 0. What is the greatest common factor of 42 and b?
14
Suppose -5*n = 5*b + 175, 2*b + 0*b - 95 = 3*n. Let r = n - -57. What is the greatest common divisor of r and 60?
12
Suppose 3*g + 9 = -3*a + 12, 0 = -5*g - 2*a + 14. Calculate the greatest common factor of g and 1.
1
Suppose 0 = 6*s + 17*s - 7176. What is the highest common factor of s and 351?
39
Suppose 3*f - 57 = -4*s, 3*f - 45 = 3*s + 33. What is the greatest common factor of 1817 and f?
23
Let c be 3/(-6) + -3 + 55/10. Suppose c*i + 5*i - 301 = 0. Calculate the highest common divisor of i and 473.
43
Suppose -3*z - 7689 = -5*r, -4*r + 5*z - 3674 + 9820 = 0. What is the greatest common divisor of r and 81?
81
Let z be 30 - -15*(-6)/15. What is the greatest common factor of 204 and z?
12
Suppose 212 - 1080 = -4*k. Let j be (3/(-7))/3 + 2201/k. What is the highest common factor of 15 and j?
5
Let n be (-9)/(-36) - (-1)/(-4). Suppose n = -5*d + 3*q + 22, 0 = 4*q + 21 - 5. Suppose -6*j = -d*j - 80. What is the greatest common factor of 30 and j?
10
Suppose 1851*q = 1855*q - 792. What is the greatest common factor of q and 22?
22
Let f = 454 - 190. What is the greatest common divisor of f and 33?
33
Suppose -5*b + 55 = -3*d - 2*d, -10 = -2*b + 5*d. Suppose t = 2*t - 120. Calculate the highest common factor of b and t.
15
Suppose -1536*y = -1530*y - 828. What is the highest common factor of 345 and y?
69
Let y(c) = -5*c - 4*c + 10 + 5*c + 31*c**2. Let w be y(2). Calculate the greatest common divisor of 18 and w.
18
Let z = -75 - -25. Let y = z - -86. Calculate the greatest common factor of 48 and y.
12
Suppose -420 = 33*k - 47*k. Calculate the highest common factor of k and 12.
6
Let n be 5/(-30) + (-1086)/(-36) + -6. Calculate the highest common divisor of 60 and n.
12
Let a(f) = 2*f**2 - 4*f - 8. Let c be (1/(-4) - 1) + 6/(-8). Let y be a(c). Calculate the highest common factor of 28 and y.
4
Suppose -3*x = -6*c + 8*c - 20, c - 4*x + 1 = 0. What is the highest common divisor of c and 56?
7
Let q be 3*(5 - 0) + (-62 - -61). What is the greatest common factor of q and 126?
14
Suppose 14*u + 1500 = 4636. What is the highest common divisor of u and 28?
28
Let o(a) = a**3 + 16*a**2 - 10*a + 15. Let x be o(-17). Let g be (1 - 9/6)/(2/x). What is the greatest common factor of 2 and g?
2
Suppose 56*w - 3 = 55*w. Let c be w + -6*1/(-3). Calculate the highest common factor of 10 and c.
5
Suppose c + 5*r - 24 = 0, 0 = c + 2*c - 5*r - 12. Suppose -18 = -15*g + c*g. Calculate the greatest common factor of g and 4.
1
Suppose 0 = 3*g - 33 + 24. Suppose -6*z + 9 = -g*z. What is the highest common factor of z and 5?
1
Suppose -5*p + 594 = 4*p. Calculate the greatest common factor of p and 44.
22
Let z be ((-72)/180)/(3/(-60)). Let o(f) = 2*f**2 - f - 2. Let w be o(3). Let q = -5 + w. Calculate the highest common divisor of z and q.
8
Let b = -155 + 73. Let v = 96 + b. Calculate the highest common divisor of 126 and v.
14
Let f be 230/(-25)*((-345)/10 - 8). Calculate the greatest common divisor of f and 85.
17
Suppose 153 = -14*t + 15*t. What is the highest common factor of t and 99?
9
Let z = -511 - -862. What is the greatest common divisor of 13 and z?
13
Let i be 2 + 3*(43 - 0). Suppose -5*t + i = -r, -3*t + 103 = -2*r + 30. Let h be (-3)/9 - (-20)/6. What is the greatest common divisor of t and h?
3
Suppose 0 = i - m - 61, -4*i - 5*m = -0*i - 262. Suppose 5*y + 39 = 2*p, 2*y + 6 = -p + 3. Calculate the greatest common divisor of p and i.
7
Let w(i) = 3*i**2 - 4*i. Let d be w(2). Let c be 1 + 6*d/6. Calculate the greatest common factor of c and 55.
5
Let j(l) = -20*l + 97. Let h be j(2). What is the highest common factor of 76 and h?
19
Let v(a) = a**2 + 7*a + 22. Let r(l) = -10*l**3 + 1. Let i be r(1). Let m be v(i). What is the greatest common divisor of m and 30?
10
Let q be (2 - 2)/(-1*(-3 + 2)). Let p be ((-15)/(-20))/(q - 1/(-4)). Let f be 218/8 - (-1)/(-4). Calculate the greatest common factor of p and f.
3
Let h(p) = p**2 + 6*p - 4. Let m be h(-8). Let l = -128 + 131. Calculate the greatest common factor of m and l.
3
Let j(v) = 2*v**3 + 4*v**2 + 7*v + 156. Let u be j(0). Calculate the highest common divisor of 24 and u.
12
Suppose 5*m - 3*h + 11 = -h, -5*h - 10 = 0. Suppose -5*r + r = -20, 5*r = 3*p + 10. Let d = m + p. What is the highest common divisor of 3 and d?
1
Suppose 0*q + 4*q = 20. Suppose -q*w + 15 = -10*w + 3*n, -2*w + 5*n = 25. Suppose -5*a + 372 + 303 = w. What is the greatest common divisor of a and 15?
15
Let h(m) = 2*m**2 - 22*m + 8. Let n be h(11). Suppose n = s - 14. What is the highest common factor of 22 and s?
22
Suppose -4*v + 60 = 2*p, -2*v = -3*v. Suppose -12*r + 4*w = -17*r + 21, -2*r + 4*w = -14. What is the highest common factor of r and p?
5
Let p = 41 - 39. Suppose p*i + 112 = 126. Calculate the highest common factor of 7 and i.
7
Let a(s) = 2*s - 10. Suppose -3*t = -2*c + t - 4, t = -2*c - 14. Let n be a(c). Let d be (2/(-3))/(n/33). What is the highest common divisor of 11 and d?
1
Let p(y) = -2*y - 14. Let t be p(-10). Suppose 0 = 4*k - t*k + 14. Let r be k*(-4)/(-16)*4. Calculate the highest common factor of r and 21.
7
Suppose -4*m = -m - 90. Let h(k) = -5*k**2 - 71*k - 2. Let q be h(-14). Calculate the greatest common factor of m and q.
6
Let s(g) = 22*g**2 + 4*g + 1. Let b be s(-1). Let x be (-1 - b/(-4))*32/12. Suppose -3*d = d - 40. What is the highest common divisor of d and x?
10
Let a = -544 + 594. Let l be -2*-5*5/2. Calculate the greatest common factor of a and l.
25
Let v be (32*1)/(9 + 690/(-78)). What is the greatest common factor of v and 13?
13
Suppose 8*c + 33*c = 36244. What is the highest common factor of 156 and c?
52
Let g be 0 + 0/1 + 21. Suppose 96*f - 551 = 121. What is the highest common factor of f and g?
7
Suppose 26*a - 3065 = 55. Let z = -15 - -30. What is the highest common divisor of a and z?
15
Let h(z) = -9*z**2 + 290*z + 64. Let p be h(32). Calculate the greatest common factor of p and 4.
4
Let p = -29 - -31. Suppose 6*y - 72 = p*y. Calculate the greatest common divisor of 12 and y.
6
Let m = -10 - -76. Suppose 0 = a - 2*y - 0*y - 18, 0 = a + y - 24. What is the highest common factor of m and a?
22
Let s(b) = -b**3 + 19*b**2 + 18*b - 62. Let j be s(19). Calculate the greatest common factor of 21 and j.
7
Let t be 239 - (1 + -4 + 6). Let r = t + -166. Calculate the highest common divisor of 14 and r.
14
Suppose -2*a + 2*x = -470, x = -9*a + 6*a + 725. Calculate the greatest common factor of 400 and a.
80
Let u be (3 + -3)/3 + 246. Let q = u + -106. Calculate the highest common factor of q and 56.
28
Suppose 5*w - 5*j - 16